False
Is 4727 prime?
False
Is 1430139 composite?
True
Is 5755 a composite number?
True
Is 110579 a prime number?
False
Is 11387 a composite number?
True
Is 5723 prime?
False
Is 100129 a composite number?
False
Is 29501 composite?
False
Is 422 composite?
True
Is 203 a composite number?
True
Is 47543 a composite number?
False
Is 26449 composite?
False
Is 451039 composite?
False
Is 24029 prime?
True
Is 802033 composite?
True
Is 6197 composite?
False
Is 1583 prime?
True
Is 89591 prime?
True
Is 39145 composite?
True
Is 146159 a composite number?
True
Is 379191 composite?
True
Is 8263 a composite number?
False
Is 2559 a prime number?
False
Is 133747 a composite number?
True
Is 492679 prime?
False
Is 120755 prime?
False
Is 5087 composite?
False
Is 165161 composite?
False
Is 52727 a composite number?
False
Is 324391 a prime number?
True
Is 5921 a prime number?
False
Is 31919 composite?
True
Is 196519 a composite number?
False
Is 1049 a prime number?
True
Is 164231 prime?
True
Is 125527 composite?
False
Is 293413 prime?
True
Is 23413 a prime number?
False
Is 67153 a prime number?
True
Is 340093 a composite number?
True
Is 104003 a prime number?
True
Is 10871 a composite number?
True
Is 263803 composite?
False
Is 83033 prime?
False
Is 84343 a prime number?
False
Is 26149 prime?
False
Is 7853 a prime number?
True
Is 25301 composite?
False
Is 46619 a composite number?
False
Is 47503 composite?
True
Is 206509 a composite number?
True
Is 332099 composite?
False
Is 3292907 a prime number?
True
Is 10499 a composite number?
False
Is 284873 a prime number?
False
Is 68369 a composite number?
True
Is 3737 a prime number?
False
Is 697 composite?
True
Is 12149 composite?
False
Is 418169 a composite number?
False
Is 37619 a prime number?
True
Is 369877 a composite number?
False
Is 413599 a prime number?
False
Is 978917 a prime number?
True
Is 82091 composite?
True
Is 20849 prime?
True
Is 18041 prime?
True
Is 7427 a composite number?
True
Is 242543 a composite number?
True
Is 192361 a prime number?
False
Is 292759 prime?
True
Is 232413 prime?
False
Is 446221 composite?
False
Is 651067 a composite number?
False
Is 4507 prime?
True
Is 188249 prime?
True
Is 8263 prime?
True
Is 261253 prime?
False
Is 532457 a prime number?
False
Is 386747 a prime number?
True
Is 16127 a composite number?
False
Is 10367 prime?
False
Is 22759 composite?
True
Is 60547 a prime number?
False
Is 6865 a prime number?
False
Is 41523 prime?
False
Is 82261 prime?
True
Is 658211 a composite number?
False
Is 61781 composite?
False
Is 36341 a prime number?
True
Is 9233 a composite number?
True
Is 20873 composite?
False
Is 2161789 a composite number?
True
Is 49717 composite?
True
Is 252533 composite?
False
Is 70099 a composite number?
False
Is 479 a prime number?
True
Is 546335 prime?
False
Is 3109 a composite number?
False
Is 115837 a prime number?
True
Is 43399 a composite number?
False
Is 2309237 composite?
True
Is 32869 composite?
False
Is 1928237 prime?
True
Is 42043 composite?
False
Is 21269 a prime number?
True
Is 21709 prime?
False
Is 243526 a prime number?
False
Is 1979 composite?
False
Is 151079 prime?
False
Is 716249 a composite number?
False
Is 2161 a prime number?
True
Is 2352061 a composite number?
False
Is 313343 prime?
True
Is 1693 composite?
False
Is 424243 prime?
True
Is 38777 composite?
True
Is 594617 composite?
False
Is 96893 prime?
True
Is 467 a prime number?
True
Is 6537 prime?
False
Is 34851 a prime number?
False
Is 634421 composite?
False
Is 210437 a prime number?
True
Is 1040311 composite?
False
Is 979519 prime?
True
Is 226073 composite?
True
Is 155 prime?
False
Is 787 composite?
False
Is 9967 composite?
False
Is 216517 a prime number?
False
Is 12439 a composite number?
True
Is 9793 a prime number?
False
Is 69421 composite?
True
Is 85823 a composite number?
True
Is 2829161 prime?
False
Is 171043 prime?
True
Is 17033 composite?
False
Is 3173 composite?
True
Is 10315 a composite number?
True
Is 13379 composite?
True
Is 487177 a prime number?
True
Is 999307 composite?
False
Is 78149 a composite number?
True
Is 1979 a composite number?
False
Is 705946 prime?
False
Is 6079 prime?
True
Is 26539 composite?
False
Is 556333 composite?
True
Is 21247 a prime number?
True
Is 105731 composite?
True
Is 67387 prime?
False
Is 481 a composite number?
True
Is 233911 prime?
True
Is 108677 a prime number?
True
Is 15989 composite?
True
Is 9901 prime?
True
Is 590307 a composite number?
True
Is 101891 prime?
True
Is 2371 composite?
False
Is 3943 composite?
False
Is 361813 a prime number?
False
Is 10831 a composite number?
False
Is 45599 a prime number?
True
Is 14401 composite?
False
Is 20681 prime?
True
Is 123449 a prime number?
True
Is 147593 a prime number?
False
Is 50521 composite?
True
Is 16127 a prime number?
True
Is 6491 a composite number?
False
Is 959 prime?
False
Is 3433 composite?
False
Is 232019 prime?
False
Is 158 a prime number?
False
Is 5509 a composite number?
True
Is 110119 a prime number?
True
Is 1157711 a composite number?
False
Is 90583 composite?
False
Is 505471 a prime number?
False
Is 172849 composite?
False
Is 785839 composite?
False
Is 363849 a composite number?
True
Is 38018 prime?
False
Is 1137911 prime?
True
Is 132261 a prime number?
False
Is 98533 a composite number?
False
Is 43073 a prime number?
False
Is 34585 a composite number?
True
Is 824773 prime?
True
Is 965443 a composite number?
False
Is 71731 a composite number?
True
Is 806951 a prime number?
True
Is 11579 a prime number?
True
Is 27973 a prime number?
False
Is 19451 prime?
False
Is 14699 prime?
True
Is 189041 prime?
True
Is 518831 prime?
True
Is 42127 composite?
True
Is 195395 composite?
True
Is 90001 a prime number?
True
Is 31953 composite?
True
Is 63883 composite?
True
Is 217397 prime?
True
Is 1297601 a composite number?
False
Is 1657 composite?
False
Is 104289 a composite number?
True
Is 611389 a prime number?
True
Is 856493 a prime number?
False
Is 425737 prime?
False
Is 72745 a composite number?
True
Is 183611 composite?
False
Is 2323 composite?
True
Is 43879 a prime number?
False
Is 315977 a prime number?
True
Is 91255 a composite number?
True
Is 5591 prime?
True
Is 158827 prime?
False
Is 61801 composite?
True
Is 3247 prime?
False
Is 187237 a composite number?
False
Is 590313 a composite number?
True
Is 15089 composite?
True
Is 2287 composite?
False
Is 169805 a composite number?
True
Is 1219 composite?
True
Is 51 a composite number?
True
Is 311351 prime?
False
Is 9031 a composite number?
True
Is 13841 composite?
False
Is 1674011 a prime number?
True
Is 82343 composite?
True
Is 1823 prime?
True
Is 4783 a prime number?
True
Is 14239 prime?
False
Is 152653 a prime number?
False
Is 14957 a prime number?
True
Is 50671 a composite number?
False
Is 3426155 prime?
False
Is 39419 a prime number?
True
Is 11477 composite?
True
Is 2681 a composite number?
True
Is 419 a prime number?
True
Is 99523 a prime number?
True
Is 1188029 prime?
True
Is 26153 a prime number?
True
Is 148103 a prime number?
False
Is 44489 a prime number?
False
Is 10109 a composite number?
True
Is 8347 prime?
False
Is 82457 composite?
False
Is 73977 composite?
True
Is 80113 composite?
True
Is 1063739 a prime number?
True
Is 41222 a prime number?
False
Is 37153 composite?
True
Is 3973 a composite number?
True
Is 1835 a prime number?
False
Is 6998 prime?
False
Is 1261483 a prime number?
False
Is 18263 a prime number?
False
Is 184823 a prime number?
True
Is 44713 a prime number?
False
Is 11747 a prime number?
False
Is 2203 a composite number?
False
Is 495269 prime?
True
Is 11351 composite?
False
Is 86962 a composite number?
True
Is 16609 prime?
False
Is 131863 a composite number?
True
Is 100019 a prime number?
True
Is 179306 composite?
True
Is 43151 a prime number?
True
Is 11437 prime?
True
Is 331463 a composite number?
True
Is 2939 composite?
False
Is 253403 a prime number?
False
Is 35467 a composite number?
True
Is 237997 prime?
True
Is 399389 composite?
False
Is 1930373 a prime number?
True
Is 1011259 composite?
True
Is 315779 prime?
True
Is 385471 a prime number?
True
Is 173551 a prime number?
False
Is 110543 a composite number?
False
Is 557077 a composite number?
True
Is 919283 a prime number?
False
Is 619139 a composite number?
False
Is 533